hen 71 is divided by g.
23
Let a = 8 - -2. Suppose -7*m + 2*m + 85 = 0. Calculate the remainder when m is divided by a.
7
Let t(h) = 5*h**2 - 12*h + 9. Calculate the remainder when t(5) is divided by 39.
35
Suppose 5*p = -2*a + 6*a - 10, 2*p = 2*a - 6. Suppose 0 = -2*h - 4*t - 4, -3*h + 5*t + 19 = -p*h. Calculate the remainder when 7 is divided by h.
3
Suppose 5*f - 51 = -4*x, 0 = 4*f + 2 + 2. Calculate the remainder when x is divided by 3.
2
Let v be 2*3/6*-1. What is the remainder when 40 is divided by (4 + v)*(-14)/(-3)?
12
Let q(u) = 22*u**2 + u. Suppose 3*t - 4*t + 8 = 0. What is the remainder when q(1) is divided by t?
7
Suppose 2*w - 5*u - 46 = 0, -3*u - 8 + 53 = w. What is the remainder when 129 is divided by w?
30
Suppose -p + 23 = 2*h, 2*h + h = 2*p + 17. Let n = -1 + 3. Calculate the remainder when (-52)/(-3) - n/6 is divided by h.
8
Suppose 5*w - 36 = 4. Let q = w + -6. Calculate the remainder when 12*1/2*1 is divided by q.
0
Suppose -7*m = -2*m - 165. Suppose -2*u + 32 = 8. What is the remainder when m is divided by u?
9
Suppose z = -0*z, -4*z - 105 = -5*c. Calculate the remainder when 36 is divided by c.
15
Suppose -d + 2 = -6. Let k = 73 + -52. What is the remainder when k is divided by d?
5
Suppose n - 53 = 3*s, 3*n + 0*s + 2*s = 192. Let b be 1/(-2) - n/(-4). Let z = b + 19. Calculate the remainder when z is divided by 12.
10
Suppose 5*c + 0*c = -25. Let z = 12 + c. Calculate the remainder when z is divided by 2.
1
Suppose 0 = -4*c - 0*c + 104. Suppose -4*h - 2 = c. Calculate the remainder when (-16)/10*(h + 2) is divided by 5.
3
Let d = 7 + -1. Let p(x) = x**2 + 13*x + 14. Calculate the remainder when d is divided by p(-12).
0
Let q(k) = k**3 + k**2 - k + 3. Let t be q(0). What is the remainder when -29*1*(2 - t) is divided by 1 + (-5)/((-15)/27)?
9
Let n(j) = 21*j - 17. Let z(w) = -11*w + 9. Let o(d) = 6*n(d) + 11*z(d). What is the remainder when o(3) is divided by -1*4*(-21)/12?
5
Suppose 0 = -2*w, 24 = -3*k - 4*w + 132. Let j be (-1*(2 + -7))/1. Let n(v) = v**3 - 3*v**2 - 7*v - 2. What is the remainder when k is divided by n(j)?
10
Let w(d) = -89*d + 1. Let b(f) = -f**2 + 2*f - 1. Let y be b(2). Let m be w(y). Suppose -6*n + 3*n + m = 0. Calculate the remainder when n is divided by 11.
8
Let p(a) = -a**3 - a**2 + a + 6. Suppose -3*j = -5*j. Calculate the remainder when 15 is divided by p(j).
3
Suppose 5*b - 5*d = 460, -2*b + 219 = -0*b + 5*d. Suppose 0 = 3*h - m - b, 0*h - 2*m - 95 = -3*h. What is the remainder when h is divided by 51*(21/9 + -2)?
16
Let p(y) = -y**3 - 5*y**2 - 9*y + 2. Calculate the remainder when p(-2) is divided by 6.
2
Suppose x + 5*h = 17, 2*h = -2*x + 5*x - 85. Calculate the remainder when x is divided by ((-2)/(-3))/(31/465).
7
Let s(z) = -z**3 + 8*z**2 - 7*z + 9. What is the remainder when -1*(-11*2 + -3) is divided by s(7)?
7
What is the remainder when -1 + -1 - -12 - -3 is divided by 8?
5
Suppose 104 - 35 = 3*m. Let o(b) = 2*b**2 + 28*b - 22. What is the remainder when m is divided by o(-15)?
7
Let n = -9 - -9. Suppose t + s = -n*s + 13, -32 = -4*t + s. Calculate the remainder when t is divided by 5.
4
Suppose 5*t + 12 = -48. Let g = 53 + t. What is the remainder when g is divided by 11?
8
What is the remainder when 51 is divided by 2/6 - 159/(-9)?
15
Let c be -3*5*1*-41. Let h be c/(-12) - 1/(-4). What is the remainder when (1/3)/(-1)*h is divided by 6?
5
Suppose z - 4*z = -33. Calculate the remainder when 42 is divided by z.
9
Let u = -12 + 27. Let o(r) = -5*r + 8. Calculate the remainder when o(-7) is divided by u.
13
Let f = -11 - -15. Calculate the remainder when f is divided by 4.
0
Let s(f) = f**3 - 9*f**2 + 11*f - 20. What is the remainder when 11 is divided by s(8)?
3
Suppose 24 = -6*f + 4*f - 4*r, -5*r = 20. Let w = f - -6. Let u = -5 - -8. Calculate the remainder when u is divided by w.
1
Suppose 0*h + 4 = 2*h. Suppose 0 = -3*z + 15, 5*u + 2*z - 70 = -h*z. What is the remainder when (1 - 3)/((-4)/78) is divided by u?
9
Let q = 117 + -62. Suppose -5*i - q = -230. Calculate the remainder when i is divided by 19.
16
Let p(i) = 2*i**2 + 15*i - 20. What is the remainder when 46 is divided by p(-9)?
4
Suppose 0 = 4*y - 4 - 0. Let z(g) be the second derivative of 2*g**3 - 2*g. What is the remainder when 22 is divided by z(y)?
10
Let w be (-15)/(-10)*(-8)/(-6). Suppose -2*z - w = -16. What is the remainder when 29 is divided by (z + -10)/(1/(-5))?
14
Suppose -5*y = -y - 5*m - 40, -2*y + 4*m = -26. Suppose -2*r - y*c + 27 = 0, -4*r + 0*c + 61 = 3*c. Calculate the remainder when r is divided by 9.
7
Let x = -18 - -49. Let s = 40 - 29. Suppose -2*d + 3*d = s. Calculate the remainder when x is divided by d.
9
Let v(h) = h**3 - 6*h**2 - 11*h + 11. Calculate the remainder when 201 is divided by v(8).
48
Let d = -37 + 53. Calculate the remainder when 59 is divided by d.
11
Let d = -16 - -42. What is the remainder when d is divided by 7?
5
Suppose -j = -5*h - 2*j + 2, 0 = -3*h + 2*j - 4. Let s be (h + 176/10)*5. Suppose -6*k + 2*k + s = 0. What is the remainder when k is divided by 12?
10
Let p = 2 - -4. Suppose p*q - q - 80 = 0. Suppose t + 0 = q. Calculate the remainder when 47 is divided by t.
15
Let n(b) = b**3 + 8*b**2 + 7*b - 14. Calculate the remainder when n(-6) is divided by 6.
4
Suppose -4*c + 1099 = -11*c. Let f = 186 - 413. Let z = c - f. What is the remainder when z is divided by 24?
22
Let t(x) = -2*x + 3. Let b = -3 + 0. Calculate the remainder when 26 is divided by t(b).
8
Let v = 12 - 6. Let n(y) = -y**3 + 9*y**2 - 7*y - 8. Calculate the remainder when n(v) is divided by 20.
18
Suppose 4*p - 130 = -6*p. What is the remainder when 36 is divided by p?
10
Calculate the remainder when 62 is divided by 4/18 - 284/(-18).
14
Let z = 144 + -103. Calculate the remainder when z is divided by 9.
5
Suppose 22*w - 27*w + 180 = 0. What is the remainder when w is divided by 13?
10
Let y(t) = 4*t + 8. What is the remainder when 79 is divided by y(2)?
15
Let w(o) = o + 0*o**2 - 2 + 5 + 3*o**2. What is the remainder when w(3) is divided by 9?
6
Let d(f) = -6*f + 19. Let b(t) = -3*t + 9. Let p(w) = -7*b(w) + 3*d(w). Suppose 12*z = 13*z - 35. What is the remainder when z is divided by p(5)?
8
Suppose -9*c + 15*c = 792. What is the remainder when c is divided by 15?
12
Suppose 0*t - 57 = -3*t + 2*f, -4*t - 2*f + 76 = 0. Suppose -t - 61 = -4*a. Calculate the remainder when 58 is divided by a.
18
Let r(o) = o**3 + 16*o**2 + 25*o - 16. Calculate the remainder when (-1 + 0)/(1/(-101)) is divided by r(-14).
23
Suppose 10*j - 32 = 6*j. Calculate the remainder when 13 is divided by j.
5
Let k be 1*(-1 - (3 + -1)). Let b(q) = -q**3 - 2*q**2 - 2*q + 1. Let f(s) = -10*s**3 - s**2 - s - 1. Calculate the remainder when b(k) is divided by f(-1).
7
Let n = -65 - -143. Suppose -c + 2*l = n, -2*c = -3*c - 4*l - 66. Let x = c + 106. What is the remainder when x is divided by 11?
10
Let d(j) = j**3 + 6*j**2 + 6*j + 7. Let r be d(-5). Let w be (r + 2 + -2)*10. Suppose -6*f = -2*f - w. Calculate the remainder when 14 is divided by f.
4
Let d(u) = u**2 - 2*u - 8. Calculate the remainder when 33 is divided by d(5).
5
Let t be (1/(-3))/((-8)/48). Let y(x) = 8*x. Calculate the remainder when y(t) is divided by 9.
7
Suppose c - 9 = -7*i + 2*i, 2*i + 10 = 3*c. Let s(m) = m - 1. Let y be s(2). Suppose 4*r - 5*r = -y. Calculate the remainder when r is divided by i.
0
Let a(n) = -2*n - 1. Suppose 4*z - 5 = -13. What is the remainder when 5 is divided by a(z)?
2
Let x(g) be the second derivative of g**4/6 + 5*g**3/2 + 7*g**2/2 - 2*g. Calculate the remainder when x(-10) is divided by 20.
17
What is the remainder when 54 + 0 - (15 - 15) is divided by 15?
9
Suppose -2*p - 46 = -2*k, -115 = -5*k - p - 0*p. What is the remainder when 43 is divided by k?
20
Let l(k) = -k - 12. Let y be l(-12). Let q be y - -1 - 1*-19. Suppose 4*d + 0*d = -4*c + 24, 5*c = 5*d + q. What is the remainder when c is divided by 3?
2
Let c be 1 + 1*3/(-3). Suppose 3*b - 149 - 49 = c. Calculate the remainder when 32 is divided by b/(-4)*(-4)/6.
10
Let b(a) = 3*a**2 + 2 - a**2 - 3*a**2 + 4*a. Let m be b(5). What is the remainder when 138/4*(-2)/m is divided by 8?
7
Let r(m) = -m**3 + m**2 + 19. Let o be r(0). Let z = o - -3. Let k = z - 13. What is the remainde